f h?
7
Let z(r) = -r**3 + 3*r**2 + 2*r - 5. Let p(a) = -a**3 - a**2 - 1. Let k(b) = -2*p(b) + z(b). Let s be (18/12)/((-1)/2). What is the units digit of k(s)?
9
Suppose -2*m + 4 + 2 = 0. Suppose -21 = -m*c + 3*j, -3*c - 2*j = 2*j. What is the units digit of c?
4
Suppose 7*r - 781 = -4*r. What is the tens digit of r?
7
Let m be (6/5)/(2/5). Suppose -2*k - 5*a + 0 = -14, 2 = -3*k + 4*a. Suppose -3*j - j = -k*t, -5 = -4*t + m*j. What is the units digit of t?
2
Suppose 177 + 41 = 2*m. What is the tens digit of m?
0
What is the units digit of (-3 - 8/(-1)) + 0?
5
Let j(a) be the second derivative of a**4/12 + 5*a**3/3 + 11*a**2/2 - 2*a. Let f be j(-9). Let g(k) = k**2 + k. What is the units digit of g(f)?
6
Let k(n) = -n**2 - 7*n + 1. Let m be k(-5). What is the tens digit of (-9 - -7) + m + 1?
1
Let c = 370 + -219. What is the units digit of c?
1
Suppose -4*r + 0*r = 0. Let k(m) = -m**3 - 6*m**2 + 3*m - 8. Let v be k(-7). Suppose r = -3*u + v - 2. What is the units digit of u?
6
Let z be -1*16 - (-4)/(-4). Let f = z - -42. What is the tens digit of f?
2
Let u = -45 - -102. Let o = 8 - 5. Suppose o*i = -0*i + u. What is the units digit of i?
9
Let v(b) = -19*b - 2. Let g be v(-2). Let p = -22 + g. What is the tens digit of p?
1
Let k be 2*((-1)/(-2) - 1). Let y(f) = -f + 8. Let q be y(8). What is the units digit of q/(-3) - -1 - k?
2
Let c(n) = -14*n + 12. What is the hundreds digit of c(-7)?
1
What is the units digit of 1 + 6/(-3) - (-99 - -6)?
2
What is the units digit of (-820)/(-36) + 2/9?
3
Let i be ((-2)/(-3))/(6/9). Let g(q) = -1. Let f(c) = -2*c + 9. Let h(s) = i*f(s) + 4*g(s). What is the units digit of h(-5)?
5
Suppose 4*r + 193 = 3*m, -2*m + 2*r - 3*r + 136 = 0. What is the units digit of m?
7
Let g(k) = 3*k - 14. What is the units digit of g(5)?
1
Suppose 0*w = 4*w - 2*p - 148, -w - p + 34 = 0. What is the units digit of w?
6
Let j(o) = -o + 2. Let r be j(0). Suppose -3*p + r = -28. What is the tens digit of p?
1
Let f(n) = -n**2 + 8*n + 1. Suppose a + 10 = 3*a. What is the tens digit of f(a)?
1
Let h(w) = w - 2*w + 2*w - 2*w. What is the units digit of h(-8)?
8
Suppose -5*u = -4*b + 21, -5*u - 20 - 5 = -5*b. Suppose -b*z - z = -50. What is the units digit of z?
0
Suppose -4*l + 3*y + 356 = -0*y, -5*l - y = -445. What is the units digit of l?
9
Let w(i) = i**2 + 7*i - 13. Let k be (-38)/(-9) + (-4)/18. Let g be (-35)/k + 4/(-16). What is the units digit of w(g)?
5
What is the hundreds digit of ((-10)/(-15)*-3)/(2/(-156))?
1
Let j = -30 - -87. What is the tens digit of j?
5
Let y be 2*(-1 + 2/4). Suppose 0 = n - 3*x - 18, -n - 8 = 2*x - 1. Let b = n + y. What is the units digit of b?
2
What is the units digit of (12/(-14))/(6/(-252))?
6
Suppose -5 = -3*j + 5*u, -4*j + 5*j - 4*u = 4. Let i(m) = m + m**3 - 9 - 3*m + j*m**3 + 6*m**2. What is the units digit of i(-6)?
3
Suppose 7*m - 2*m - 20 = 0. Suppose 0 = -i - m + 7. What is the units digit of i?
3
Let m(x) = x**3 - 5*x**2 + 2*x - 5. Let l(j) = 7*j - 1. Let g be l(1). What is the units digit of m(g)?
3
Suppose -4*b + 87 - 29 = -5*v, -3*b + 30 = 3*v. What is the units digit of b?
2
Let s = 3 - -3. What is the units digit of s?
6
Suppose 12 = m - 5*m. Let v be -1 + 0 - (-8 - 1). What is the units digit of -2*4/(v/m)?
3
Suppose 2*h = -2*f + 46, 0 = -2*h - 4. Suppose -4*m + 47 + f = 0. Let l = -5 + m. What is the tens digit of l?
1
Let a(v) = v**2 - 12*v + 36. What is the units digit of a(18)?
4
Let i be (-2 - -1)/(-1) - -3. Suppose -8 = -i*c + 16. What is the units digit of c?
6
Suppose 20 = 5*c - 15. Let v = 5 - c. Let o = v - -3. What is the units digit of o?
1
Suppose -3*w = 5*j - 108, 0 = -4*w + 3*j + 2*j + 109. What is the tens digit of w?
3
Let s(g) = -g - 15. Let k(v) = -v - 10. Let w(p) = 8*k(p) - 5*s(p). What is the units digit of w(-6)?
3
Suppose 14*u = 565 + 429. What is the tens digit of u?
7
Let u(v) = -v**3 - 4*v**2 - v - 1. Let p be u(-4). Suppose -3*o + 8 + p = -4*i, 5*i - 2*o = -5. What is the units digit of 3 + (3 - (-3 + i))?
8
Let u = 11 - 27. What is the units digit of u/(-6)*(4 - 1)?
8
Let v = 8 + -15. Let g(m) = m**3 + 7*m**2 - 3*m - 9. What is the units digit of g(v)?
2
Suppose 0*q = -7*q + 322. What is the tens digit of q?
4
Let d be -1 + 2 - 1/(-1). Suppose 0 = y + 3*y + y. Suppose -2*z + 4*z - 4*n - d = 0, y = -3*z + 2*n + 15. What is the units digit of z?
7
Let k(v) = 3 - 2 - 4 + 0 + 15*v. What is the units digit of k(2)?
7
Suppose -c + 99 = -3*b, -2*b = -5*c + 2*b + 506. What is the units digit of c?
2
Suppose -2*a = 4*b - 12, 0 = -2*b + 3*b - 5*a - 25. Let o(c) = 3*c - 7. What is the units digit of o(b)?
8
Let k(m) be the third derivative of m**5/15 - m**4/24 + m**3/6 - 3*m**2. What is the tens digit of k(2)?
1
Let s(b) = 63*b**2 + 3*b - 3. Let h be s(2). Suppose r + 4*o - 225 = 0, 2*o + h = 2*r - r. What is the units digit of r/28 - 3/4?
8
Let x be ((-13)/(-3))/(26/6 + -4). Suppose m + m = 4. Suppose -2*u = -4*s + m, -2*s + 4*s = 3*u - x. What is the units digit of u?
7
Suppose -3*f + 61 = -4*j - 36, -5*f = -4*j - 151. What is the tens digit of f?
2
Let o(s) = -s**2 + 6*s - 8 + 5*s + 0*s**2. What is the units digit of o(10)?
2
Let t be 26*(-3)/(-9 - -3). Let r = t - -9. What is the units digit of r?
2
Suppose -8*q + 586 = -454. What is the units digit of q?
0
Suppose z + 3 + 7 = -h, 14 = -5*z + 4*h. Let d = z + 21. What is the tens digit of d?
1
Let p(m) = -m**3 + m**2 + 2*m + 22. What is the units digit of p(0)?
2
Let p = -38 - -23. Let m = p + 37. What is the units digit of m?
2
Suppose 3*u = -k - 0*u + 9, -3*k + u - 3 = 0. Let p = k - -10. Let o = p + -5. What is the units digit of o?
5
Let o(f) = f**2 - 3*f + 2. Let q(j) = j**2 - 2*j - 4. Let d be q(4). What is the units digit of o(d)?
6
Let g be (-1 + 5)/(-4)*5. Let o = g - -17. What is the units digit of o?
2
Let l be (-1)/(-3) - 1/3. Let n(f) = 2*f - 1 + l*f + f. What is the units digit of n(3)?
8
Let v = -1 - -10. Suppose 5*d + 4 = v. What is the units digit of d?
1
Suppose 2*d + 0*d + 5*o - 11 = 0, -4*d + 61 = -3*o. Let m = d + 8. What is the tens digit of m?
2
Let f(s) = s + 10. Let k be f(-6). Suppose -k*i + 2*u + 138 = 0, -2*i + 3*u + 3 + 76 = 0. What is the tens digit of i?
3
Let u(z) = -8*z - 3. Let q(b) = b + 1. Let f(a) = 2*q(a) + u(a). Let t be f(-5). Let m = t - 18. What is the units digit of m?
1
Let j(g) = g**2 - 8*g + 1. Let k be j(6). Let m(u) = -u**3 - 10*u**2 + 8*u - 14. What is the tens digit of m(k)?
1
Suppose 0 = -2*x - 5*h + 243, -550 = -5*x - 3*h + 2*h. What is the units digit of x?
9
Let v = -8 + 8. Suppose 2*s + s + 12 = v. Let o = 5 - s. What is the units digit of o?
9
Let l = 26 - 18. Suppose 0*x + 4*x = 5*a + 24, -2*a = -l. What is the tens digit of x?
1
Suppose -2*z = -6 - 0. Suppose h - 8 = z*i, -4*h - i - 13 = 2*i. Let x = h - -3. What is the units digit of x?
2
Let y(v) = -v**2 - 8*v - 1. Let h(i) = 4*i + 2. Let k be h(-2). What is the units digit of y(k)?
1
Suppose 5*z + 20 = -5. Let o(p) = p**3 + 6*p**2 - 6*p - 10. What is the units digit of o(z)?
5
Let u(l) = -l**3 + 14*l**2 - 12*l - 7. Let m be u(13). Suppose 0 = j - m*j + 125. What is the units digit of j?
5
Suppose 5*r - 65 = 25. What is the units digit of r?
8
Let y = -16 - -70. Suppose y + 0 = 6*b. What is the units digit of b?
9
Suppose -a = 5*s + 4*a - 530, -308 = -3*s - a. What is the units digit of s?
1
Let p(f) = f + 11. Let x(s) = -s - 1. Let a be x(-6). Suppose -15 = 4*t - a*d, -5*t = -3*d + 14 - 5. What is the tens digit of p(t)?
1
What is the units digit of 1/(-1) - (1 + -17)?
5
Let m(a) = a. Let t(b) = -2*b. Let w = 1 + -5. Let q be t(w). What is the units digit of m(q)?
8
Let k(n) = n**2 + 2*n - 1. Let z be k(-3). Suppose 4*q = -3*t - z*t + 47, -4*t + 3*q = -50. What is the tens digit of t?
1
Let r(l) be the first derivative of 5/2*l**2 + 2/3*l**3 + 3*l - 2. What is the units digit of r(-3)?
6
Let x be 0 - (4/2 + -5). Let o(b) = -9*b**2 + 15*b + 21. Let h(n) = 4*n**2 - 7*n - 10. Let k(z) = x*o(z) + 7*h(z). What is the units digit of k(6)?
5
Let b(m) = 97*m**2 + m - 1. What is the units digit of b(1)?
7
Let b = 24 + 85. What is the units digit of b?
9
Let d = -11 + 7. Let b be (-3 + -3 - -9) + 4/(-1). What is the units digit of 6 + (2 - b) + d?
5
Suppose 5 = 3*i - 1. Suppose -14 = 3*a + 4*w, 4*a - 3